 -6 - m. Give l(y).
-4
Let m(y) = 2*y**3 - 15*y**2 + 9*y + 13. Let n(c) = c**3 - 7*c**2 + 4*c + 6. Let j(u) = -4*m(u) + 9*n(u). Give j(3).
2
Let w(v) = -3*v + 1. Let j(s) = 7*s - 3. Let a(z) = -2*j(z) - 5*w(z). Suppose 2 - 14 = 4*g. Calculate a(g).
-2
Let j = -3 + 2. Let l(a) be the first derivative of 7*a**6/360 - a**5/120 + a**3 + 3. Let b(g) be the third derivative of l(g). Calculate b(j).
8
Let s(c) = c**2 + c - 5. Suppose -11 = -5*p - 31. Give s(p).
7
Let v be 2*1/(-2)*3. Let f(h) = 3*h**2 + 3*h + 1. Let u(l) = -l**2 - 1. Let q(p) = -f(p) - u(p). Give q(v).
-9
Suppose 4*s + s = -25. Let w(g) be the second derivative of -g**4/24 - 3*g**3/2 - 3*g**2/2 + 2*g. Let c(o) be the first derivative of w(o). What is c(s)?
-4
Let c(f) = -f**2 + 2*f - 5. Let l(u) = -2*u**2 + 5*u - 10. Let k(r) = 11*c(r) - 6*l(r). Let v be ((-12)/(-4))/(4 - 1). Suppose 7 = i + v. Determine k(i).
-7
Suppose -1 = c + p, 3*c + 4 = 2*p + 26. Let o(f) = -9 + 2*f + 0*f + 3 + 3. Give o(c).
5
Let h(r) be the second derivative of r**4/4 - r**3/3 - r**2/2 + r. Suppose 0 = -d + n + 1, -3*d - 3*n - 9 = -0*n. Calculate h(d).
4
Let x = -50 + 50. Let r(i) = -i**3 + i + 9. Calculate r(x).
9
Let d(h) be the first derivative of -2 + 2*h - 1/3*h**3 - 3/2*h**2. Let p be 6/(-4) - 1/2. What is d(p)?
4
Suppose 3*c = 2*u + u, -4*c - 15 = u. Let j be (0 - (0 - u)) + 1. Let m(v) = v**3 + v**2 - 2*v + 1. Determine m(j).
1
Let h(l) = -l**2. Let o = 5 - 5. Let s(y) = -y**3 + y**2 - y. Let u be s(o). Give h(u).
0
Let d(p) = p**3 + 4*p**2 + 3*p + 2. Let y be d(-3). Let x = -2 - -5. Let n(z) = 4*z**3 - 3 - z**2 + 2 + z - x*z**3. Determine n(y).
5
Suppose -4*x = 3*k - 15, 2*k - 10 = -x - 3*x. Let g(n) = -2*n**3 - 8*n**2 + 3. Let b(q) = -q**3 - q**2. Let w(v) = -3*b(v) + g(v). Determine w(k).
3
Let z(p) = -1. Let g(r) = r + 6. Let b(q) = -g(q) - 2*z(q). Suppose 14 = -0*u - 2*u. Let a = u + 10. Calculate b(a).
-7
Let k(y) be the first derivative of 2/3*y**3 - 3/2*y**2 + 2*y - 9. Calculate k(3).
11
Let x(h) be the third derivative of -h**5/60 + h**4/12 + h**3/2 - 2*h**2. Determine x(4).
-5
Let t(x) = x**3 + 8*x**2 + 4. Let q be t(-8). Let d(k) = -5*k + 4. What is d(q)?
-16
Suppose -53 = -2*z - 57. Let t(p) = 5*p**2 - 1 - 1 - 4*p**3 + 5*p**3. What is t(z)?
10
Suppose -i = 2*l + 4*i + 17, -l = -2*i - 5. Let n(v) = 4*v**3 + v**2 + v. Determine n(l).
-4
Let b(n) = -14*n**2 - 2*n - 1. Suppose -g + 9 = 3*a + 3*g, -3*a + 12 = 5*g. Give b(a).
-13
Suppose -4 = -8*x + 6*x. Let g(l) = l**3 + 0*l**3 + 2*l**2 - 3*l**2 - 2. Calculate g(x).
2
Let f(d) be the first derivative of -2*d - 2 + 3/2*d**2. Let m(q) = -4*q + 2. Let s(z) = -3*f(z) - 2*m(z). Give s(1).
1
Let x be (-2)/(-7) - 24/(-14). Suppose -3*o - 2*c - 6 = 1, 4*o = x*c. Let g be 0 + 3/(3*o). Let y(n) = -2*n**2 - 2*n - 1. Give y(g).
-1
Let i(l) = 13*l + 5. Let z(t) be the second derivative of -t**3/2 - t**2/2 - 2*t. Let q(u) = 4*i(u) + 18*z(u). Determine q(3).
-4
Let g be ((-25)/(-10))/(2/(-4)). Let w(v) = -2*v - 12. Let l(p) = 2*p + 11. Let x(d) = g*w(d) - 6*l(d). Give x(-5).
4
Suppose -3*y - 3*n + 39 = 0, 5*y - 4*n = -5*n + 45. Let t(z) = -3*z + 1. Give t(y).
-23
Let t(d) = -d**3 + 10*d**2 - 9*d + 2. Let z be t(9). Let y(v) = 5 - z*v + 3 - 1. Give y(-5).
17
Let r(v) = v**3 + v**2 + v - 2. Suppose 2*u = u + 4. Suppose 5*w - 4 = -u*y, 4*w + 6 + 10 = 0. Suppose y = -i + 4. Give r(i).
-8
Let h(n) be the third derivative of -1/24*n**4 + 1/6*n**3 - 1/30*n**5 + 0 + 0*n - 1/120*n**6 - 3*n**2. Calculate h(-2).
3
Let v(f) = -6*f**3 + 2*f**2 - 12*f + 3. Let u(q) = -7*q**3 + q**2 - 13*q + 2. Let w(n) = -5*u(n) + 6*v(n). What is w(6)?
2
Let z = 0 - 4. Let r be (-1*1)/(z/12). Let c(u) = 1 - 2*u - 4*u**2 + r*u**2 + 5*u. Determine c(-2).
-9
Suppose -5 = -5*w + f, -5 = w + 5*f + 20. Let s(v) = 1 + 1 + w + 5*v + v**2 - 1. What is s(-4)?
-3
Let g(t) = t**3 - 6*t**2 - 7*t + 3. Let c be g(7). Let y(n) = 3*n - c + 5 - 4*n. What is y(-5)?
7
Let s(m) = m**3 - 11*m**2 + m - 13. Let u be s(11). Let j(g) = -5*g**2 - 2. What is j(u)?
-22
Let k(g) = -g**2 - 5*g + 6. Let t be k(-5). Let x = t + -8. Let v(z) = -3*z - 1. Give v(x).
5
Let w(g) = -4*g + 1. Let p(b) = 8*b - 2. Let h(n) = -3*p(n) - 5*w(n). Let x = -4 + 6. Suppose -4*a + 6 = -x. Give h(a).
-7
Suppose -8 = -o - 3. Let q(b) = 2*b + 1. Let f(h) = 4*h + 2. Let y(n) = 6*f(n) - 11*q(n). What is y(o)?
11
Let p be 80/(-36) - 2/(-9). Let f(r) = -r**2 - 1. What is f(p)?
-5
Let z(j) be the third derivative of j**5/60 + j**4/24 + j**3/6 - 2*j**2. Give z(2).
7
Let b be (2 - 2)*1/(-2). Let z(d) be the first derivative of d**7/840 - d**6/360 + d**3/3 + 1. Let c(u) be the third derivative of z(u). Give c(b).
0
Let o(j) = j + 0*j + 6 + 0*j. Let b = -6 - -10. Suppose b*p + 8 = 6*q - q, 3*p + 6 = q. Determine o(q).
6
Let l(x) = x**3 - 4*x**2 - 2*x + 6. Suppose 6 = 4*z + 18. Let s = 3 - z. Let p = 10 - s. Calculate l(p).
-2
Let u(h) = -10*h**3 + 5*h**2 - 4. Let i(n) = -10*n**3 + 6*n**2 - 5. Let p(y) = 4*i(y) - 5*u(y). Let l = 4 - 4. Let f be 4 - (0 - l - -3). Determine p(f).
9
Let g = -1 - -6. Let j(c) = c**2 - 2*c - 5. Calculate j(g).
10
Let f(p) = 2*p + 1. Let w(m) = m + 1. Let g(h) = -f(h) + w(h). Let y(l) = 3*l**2 - 7*l + 1. Let i(n) = 4*g(n) - y(n). Suppose o - 7 + 5 = 0. Calculate i(o).
-7
Let f(s) be the second derivative of -1/2*s**2 - s - 1/12*s**4 + 0 - 1/6*s**3. Let x = 7 + -10. What is f(x)?
-7
Suppose 5*h = -5*x + 2 - 12, 0 = -3*x - 2*h - 4. Let u(p) be the third derivative of -p**4/24 + 11*p**3/6 + p**2. Give u(x).
11
Let l(u) = u**2 + 2*u + 3. Let h(b) = -b**3 - 6*b**2 - b - 8. Let o be h(-6). What is l(o)?
3
Let s(l) = -l**3 + 8*l**2 + l - 5. Let x(i) = i**2 + i. Let u(z) = -s(z) + 3*x(z). Determine u(4).
-3
Let h(b) = 2 + 0*b + 2*b + 0*b - b. Let j be -1 + (1 - (4 + -2)). What is h(j)?
0
Let h(p) = -4*p**3 + 6*p**2 + p. Let a(v) = v**3 - v**2 - v - 1. Let g(y) = -2*a(y) - h(y). Suppose -2*u = -2*c, 2*u = 3 + 1. What is g(c)?
4
Let m(q) = -3*q - 1. Let i be -5 + 4 + -3 + 2. Let b be (-1 - (i - 0)) + -4. What is m(b)?
8
Let y(r) = 12*r**2 + 9*r**2 - 3*r - 35*r**2 + 12*r**2. Suppose 6 = -0*o - 3*o. Give y(o).
-2
Let m(o) = o**2 + 6*o - 3. Suppose 5*p + 2 = -3*w, -4*w - 8 = -4*p + 16. What is m(w)?
-11
Let y(l) = l**2 + 3*l + 4. Let s be y(-3). Let z(b) = -b**2 - 5*b - 1. Let m(p) = p**2 + 5*p + 1. Let a(x) = s*m(x) + 5*z(x). Calculate a(-3).
5
Let a = -149 + 142. Let s(u) = -u**2 - 9*u - 6. What is s(a)?
8
Let f(i) = i - 2 - i**2 - 2 - 9*i - 4*i. Calculate f(-11).
7
Let z(o) be the first derivative of -o**3/6 + 3*o**2/2 - 2*o + 2. Let k(n) be the first derivative of z(n). Give k(-4).
7
Let p(g) = -3*g**2 + 4*g - 3. Let t be 18/12*4/3. Calculate p(t).
-7
Let l(o) = 3*o**3 - 3*o**2 + o + 2. Let b(n) = -16*n**3 + 14*n**2 - 5*n - 11. Let w(y) = -2*b(y) - 11*l(y). Give w(5).
-5
Let v(d) = -d**3 - 5*d**2 + d + 7. Let p be v(-5). Let t(f) = -2 - 2 - p*f - 1 + 4. Give t(-4).
7
Let n(b) = b**2 + b + 3. Let x(i) = 3*i**2 + 2*i + 7. Let y(r) = 5*n(r) - 2*x(r). What is y(-2)?
-5
Let s(t) = t**3 + 2*t**2 - 1. Let v be s(1). Let p(d) = -11*d + 3. What is p(v)?
-19
Let w(x) = -x - 1. Let m(s) = -s**3 - 5*s**2 + 9*s + 9. Let d(r) = m(r) + 3*w(r). What is d(-6)?
6
Let p(a) = a**2 - 5*a - 2. Suppose -o = -6*o + 35. Let w(r) = -r**3 + 7*r**2 + r - 1. Let m be w(o). Calculate p(m).
4
Let i = 24 - 24. Suppose -4*y + 14 = -i*s + 2*s, 0 = y - 4*s + 10. Let b(o) = -o**2. Determine b(y).
-4
Suppose 0 = m + 4*l - 2*l + 2, -3*l = -2*m + 10. Let i(n) = n + m*n**2 + 2*n**2 - 3*n**2. Let u(h) = -h**2 - 4*h - 3. Let k be u(-3). What is i(k)?
0
Let m = 38 - 34. Let u(l) be the second derivative of 0 + 1/20*l**5 + 0*l**2 - 1/6*l**3 + 1/3*l**m + 3*l. Calculate u(-4).
4
Let i be 1 - 2/(-4)*2. Let l(c) be the second derivative of c**4/4 - 2*c**3/3 + c**2 + 5*c. Give l(i).
6
Let k = 8 - 3. Let n be (-2)/7 + 153/21. Let c(x) = -x**2 - 4*x**2 + n*x + 3*x**2 + 2. What is c(k)?
-13
Let m(r) = -r**3 - 9*r**2 + 3. Let l be ((7 - 3) + -3)*-9. What is m(l)?
3
Let r(o) = o**2 + o - 1. Let f(d) = -3*d + 4. Let l be f(1). Determine r(l).
1
Let x(f) = -6 - 22*f - 21*f - 23*f + 63*f. Give x(-4).
6
Let j be ((-1)/2 + 1)*-2. Let c(y) = -y**3 + 1. What is c(j)?
2
Suppose 3*o - 9 = 3. Let k(h) = -5*h - o - 5*h + 4*h + h**2. What is k(5)?
-9
Suppose 3*u - u = 2. Let d(t) = 2*t - 8*t 